31, 241817
List the prime factors of 441968644.
2, 13, 23, 369539
What are the prime factors of 30553218?
2, 3, 1697401
List the prime factors of 174072902.
2, 97, 233, 3851
What are the prime factors of 15512264?
2, 1939033
List the prime factors of 94884181.
7, 13554883
What are the prime factors of 202379111?
11, 18398101
What are the prime factors of 41696363?
41696363
List the prime factors of 26364398.
2, 223, 59113
What are the prime factors of 46470334?
2, 23235167
What are the prime factors of 47728885?
5, 53, 233, 773
List the prime factors of 214633727.
7, 11, 29, 277, 347
What are the prime factors of 12734791?
47, 270953
What are the prime factors of 2832697750?
2, 5, 11330791
What are the prime factors of 58451290?
2, 5, 331, 17659
List the prime factors of 1433189153.
11, 41, 773, 4111
List the prime factors of 756879635.
5, 151375927
List the prime factors of 150807584.
2, 47, 100271
List the prime factors of 63356901.
3, 31, 681257
List the prime factors of 208794195.
3, 5, 4639871
List the prime factors of 77165223.
3, 1229, 20929
What are the prime factors of 5695515225?
3, 5, 47, 317, 1699
List the prime factors of 1563547701.
3, 521182567
What are the prime factors of 9799443?
3, 1088827
List the prime factors of 2975372387.
13, 10631, 21529
What are the prime factors of 168153051?
3, 11, 5095547
What are the prime factors of 6035652078?
2, 3, 647, 1554779
List the prime factors of 6578996905.
5, 13, 19, 353, 15091
What are the prime factors of 62480809?
223, 280183
What are the prime factors of 46877267?
43, 1090169
What are the prime factors of 2298601459?
7, 11, 79, 377873
What are the prime factors of 2485657966?
2, 11, 112984453
What are the prime factors of 114864536?
2, 14358067
What are the prime factors of 1714185418?
2, 11, 29, 2686811
What are the prime factors of 7045955750?
2, 5, 28183823
List the prime factors of 631174503.
3, 61, 1303, 2647
List the prime factors of 696242888.
2, 11, 17, 31, 15013
List the prime factors of 751842482.
2, 719, 522839
What are the prime factors of 692481919?
692481919
List the prime factors of 250790544.
2, 3, 157, 11093
What are the prime factors of 904869071?
83, 2341, 4657
What are the prime factors of 70017462?
2, 3, 3889859
List the prime factors of 909471858.
2, 3, 79, 1151, 1667
What are the prime factors of 305627987?
7, 43661141
List the prime factors of 289832742.
2, 3, 1789091
What are the prime factors of 522807032?
2, 11, 5940989
List the prime factors of 728905146.
2, 3, 73, 821, 2027
What are the prime factors of 2845517826?
2, 3, 4793, 98947
List the prime factors of 1739593192.
2, 217449149
What are the prime factors of 1091766996?
2, 3, 17, 1783933
What are the prime factors of 112051356?
2, 3, 89, 104917
List the prime factors of 158999715.
3, 5, 7, 251, 2011
What are the prime factors of 864132672?
2, 3, 13, 346207
What are the prime factors of 4555989864?
2, 3, 41, 1543357
List the prime factors of 5428588020.
2, 3, 5, 90476467
List the prime factors of 1799684973.
3, 7406111
What are the prime factors of 625359924?
2, 3, 7, 89, 27883
What are the prime factors of 1889727098?
2, 7, 10139, 13313
List the prime factors of 1658370543.
3, 552790181
List the prime factors of 18340532.
2, 7, 43, 15233
List the prime factors of 88864085.
5, 2551, 6967
List the prime factors of 46660039.
3517, 13267
List the prime factors of 119911772.
2, 109, 275027
List the prime factors of 46119555.
3, 5, 17, 19, 167
List the prime factors of 343460455.
5, 13, 37, 142811
What are the prime factors of 40923177?
3, 1873, 7283
List the prime factors of 126131171.
126131171
What are the prime factors of 68503937?
5479, 12503
What are the prime factors of 195440571?
3, 883, 24593
What are the prime factors of 2333926920?
2, 3, 5, 13, 223, 6709
What are the prime factors of 2569203466?
2, 109, 11785337
What are the prime factors of 125767863?
3, 13, 358313
List the prime factors of 29082084.
2, 3, 19, 229, 557
List the prime factors of 84844362.
2, 3, 307, 46061
List the prime factors of 4098448271.
73, 56143127
What are the prime factors of 725813799?
3, 241937933
What are the prime factors of 37715389?
1069, 35281
What are the prime factors of 493110426?
2, 3, 82185071
List the prime factors of 250939358.
2, 31, 4047409
List the prime factors of 116965920.
2, 3, 5, 67, 3637
What are the prime factors of 118488902?
2, 7, 19, 445447
What are the prime factors of 37728255?
3, 5, 223, 11279
List the prime factors of 89127423.
3, 7, 11, 19, 967
List the prime factors of 221547875.
5, 359, 4937
List the prime factors of 941942587.
71, 419, 31663
List the prime factors of 318185505.
3, 5, 11, 642799
List the prime factors of 1039736977.
137, 607, 12503
List the prime factors of 87045031.
87045031
List the prime factors of 40442259.
3, 11, 13, 31, 3041
List the prime factors of 278756115.
3, 5, 11, 1689431
What are the prime factors of 543410793?
3, 887, 68071
What are the prime factors of 2647489615?
5, 529497923
What are the prime factors of 343211405?
5, 23, 2984447
List the prime factors of 120761844.
2, 3, 7, 1437641
List the prime factors of 4216258477.
67, 62929231
List the prime factors of 216773993.
14197, 15269
List the prime factors of 721314530.
2, 5, 59, 1222567
What are the prime factors of 157215801?
3, 103, 508789
What are the prime factors of 4850409539?
6037, 803447
What are the prime factors of 22118893?
23, 961691
List the prime factors of 273842813.
41, 83, 80471
What are the prime factors of 282625011?
3, 10467593
List the prime factors of 98757418.
2, 49378709
List the prime factors of 380546599.
1259, 302261
What are the prime factors of 9968805?
3, 5, 7, 11, 137
List the prime factors of 8717912594.
2, 23, 47, 199, 881
What are the prime factors of 10841606?
2, 5420803
What are the prime factors of 86729677?
53, 409, 4001
List the prime factors of 242256554.
2, 181, 541, 1237
List the prime factors of 65860934.
2, 419, 78593
List the prime factors of 4813776472.
2, 31, 47, 412987
What are the prime factors of 175043843?
13, 241, 55871
List the prime factors of 32752373.
47, 79, 8821
What are the prime factors of 481982798?
2, 11, 41, 131, 4079
What are the prime factors of 281511298?
2, 140755649
List the prime factors of 5735287935.
3, 5, 13, 23, 32789
What are the prime factors of 173276820?
2, 3, 5, 106961
What are the prime factors of 298690745?
5, 59, 853, 1187
What are the prime factors of 92879393?
59, 61, 131, 197
What are the prime factors of 243571015?
5, 211, 230873
What are the prime factors of 91769357?
41, 2238277
List the prime factors of 3337648978.
2, 13313, 125353
List the prime factors of 72630628.
2, 7, 1109, 2339
What are the prime factors of 174508735?
5, 34901747
What are the prime factors of 1176801578?
2, 23, 547, 46769
What are the prime factors of 97752114?
2, 3, 31, 167, 1049
List the prime factors of 4534436538.
2, 3, 27990349
What are the prime factors of 34446371?
37, 241, 3863
List the prime factors of 536254238.
2, 13, 1586551
What are the prime factors of 172339380?
2, 3, 5, 319147
List the prime factors of 3606003.
3, 101, 3967
What are the prime factors of 1607449943?
11, 17, 1091, 7879
List the prime factors of 168623764.
2, 23, 61, 30047
What are the prime factors of 327302291?
523, 607, 1031
What are the prime factors of 2961325435?
5, 617, 959911
What are the prime factors of 72075367?
7, 13, 792037
List the prime factors of 18352277.
61, 300857
List the prime factors of 1683067558.
2, 17, 43, 1151209
List the prime factors of 407828590.
2, 5, 13, 3137143
What are the prime factors of 537976603?
537976603
What are the prime factors of 3447547655?
5, 689509531
What are the prime factors of 1143962719?
28537, 40087
List the prime factors of 110410690.
2, 5, 13, 419, 2027
List the prime factors of 324386773.
324386773
What are the prime factors of 3451608334?
2, 379, 4553573
What are the prime factors of 26142617?
17, 1537801
What are the prime factors of 859569983?
859569983
List the prime factors of 2631809.
349, 7541
List the prime factors of 13273792.
2, 7, 29629
List the prime factors of 913994412.
2, 3, 43, 251, 7057
What are the prime factors of 354420812?
2, 1291, 68633
List the prime factors of 2730713021.
273071302